reatest common factor of 16825197 and 310917?
5097
What is the greatest common factor of 3837315 and 15557?
47
What is the greatest common factor of 5 and 79795555?
5
What is the greatest common factor of 11270 and 889490?
70
Calculate the greatest common divisor of 1411 and 1178712.
17
What is the greatest common divisor of 1904 and 9686544?
112
Calculate the greatest common factor of 635 and 2688815.
5
Calculate the highest common factor of 135 and 15597954.
27
Calculate the greatest common factor of 121663813 and 989.
989
What is the greatest common factor of 2554010 and 5820?
970
What is the greatest common divisor of 17481384 and 684?
36
What is the highest common factor of 116116142 and 93?
31
What is the greatest common factor of 3382 and 1454906?
38
What is the greatest common factor of 2172989952 and 3864?
3864
What is the highest common divisor of 518 and 24281138?
14
What is the highest common factor of 10611201 and 21567?
237
Calculate the greatest common factor of 211768840 and 705.
235
Calculate the greatest common factor of 9116088 and 294.
6
What is the greatest common factor of 8 and 27426768?
8
What is the greatest common factor of 761669 and 8?
1
What is the highest common divisor of 21174 and 31791?
3
What is the greatest common factor of 687258 and 636207?
429
What is the greatest common factor of 1612474 and 13908?
122
Calculate the greatest common divisor of 30181409 and 2839.
2839
What is the greatest common divisor of 945 and 386669955?
105
What is the greatest common divisor of 2340660 and 39648?
84
What is the highest common divisor of 117151 and 233088?
607
Calculate the greatest common factor of 102 and 25823118.
6
Calculate the greatest common factor of 1163380633 and 73.
73
Calculate the highest common factor of 1127737 and 8281.
169
Calculate the greatest common divisor of 49500 and 35900.
100
What is the greatest common divisor of 63 and 58570956?
9
What is the highest common divisor of 1093 and 251979127?
1093
Calculate the highest common divisor of 246760239 and 456.
57
Calculate the greatest common divisor of 398578814 and 3374.
482
What is the greatest common divisor of 829 and 2447454213?
829
Calculate the highest common factor of 6876 and 274555242.
3438
What is the highest common divisor of 107232363 and 1155?
21
What is the highest common divisor of 39 and 28762487?
13
What is the greatest common divisor of 42426046 and 26?
26
Calculate the greatest common factor of 32 and 431769568.
32
What is the highest common factor of 306 and 601443?
153
What is the greatest common factor of 292 and 37184813?
73
Calculate the highest common factor of 44864 and 27339.
701
What is the greatest common factor of 621270 and 14986?
118
What is the greatest common factor of 4999 and 1742?
1
Calculate the greatest common divisor of 1843220644 and 7314.
2438
What is the highest common divisor of 29016 and 9363240?
2232
Calculate the highest common factor of 5068 and 1248176.
724
What is the greatest common divisor of 730353 and 540627?
921
What is the greatest common factor of 176317416 and 26334?
3762
What is the greatest common divisor of 40386 and 514842?
318
Calculate the highest common factor of 71883 and 9335529.
441
Calculate the highest common factor of 761481 and 4539.
51
What is the greatest common divisor of 13037083 and 48434?
397
What is the highest common divisor of 15080 and 8669115?
1885
What is the greatest common factor of 39 and 227844?
3
Calculate the greatest common divisor of 147139681 and 19773.
2197
What is the highest common divisor of 443641197 and 4182?
2091
What is the highest common factor of 5715 and 118925721?
1143
Calculate the greatest common divisor of 336 and 5297796.
84
What is the greatest common factor of 1918104 and 20242?
698
What is the highest common factor of 25216 and 2927872?
128
Calculate the highest common factor of 7616524 and 222.
74
Calculate the highest common factor of 110230 and 5793870.
1510
Calculate the greatest common divisor of 31970 and 230230.
230
What is the greatest common factor of 260384 and 3038912?
3296
Calculate the highest common factor of 1624350 and 2548.
1274
Calculate the highest common divisor of 14 and 922002746.
14
Calculate the highest common divisor of 5213162 and 362.
362
Calculate the greatest common factor of 95 and 5082735.
5
What is the highest common divisor of 331 and 1600815962?
331
Calculate the highest common divisor of 5034194 and 253.
253
What is the greatest common divisor of 3609922 and 2?
2
What is the greatest common factor of 905 and 1671406309?
181
Calculate the highest common factor of 55 and 3890073.
11
What is the highest common divisor of 6538 and 215993104?
934
Calculate the highest common factor of 315287 and 3580451.
4319
Calculate the highest common divisor of 302751 and 1593.
27
Calculate the greatest common factor of 20655238 and 9486.
1054
What is the highest common divisor of 47808 and 23616?
576
Calculate the highest common divisor of 1674 and 6949146.
186
What is the greatest common divisor of 51 and 19060587?
51
Calculate the greatest common divisor of 252 and 1430940.
84
What is the highest common divisor of 39897700 and 300?
100
Calculate the greatest common factor of 160 and 18005480.
40
Calculate the greatest common divisor of 37774432 and 64.
32
What is the greatest common divisor of 301 and 3511681?
43
Calculate the highest common factor of 57 and 5991.
3
What is the highest common factor of 44875931 and 336663?
12469
What is the greatest common divisor of 152195712 and 692?
692
What is the highest common divisor of 581710 and 90?
10
What is the greatest common factor of 30 and 617982420?
30
Calculate the greatest common factor of 483 and 235774.
7
What is the highest common factor of 18813 and 276?
3
Calculate the highest common factor of 13947294 and 3576.
894
What is the highest common divisor of 5928 and 110799?
39
What is the highest common divisor of 563105 and 185?
5
What is the greatest common factor of 105984 and 1575408?
1104
Calculate the highest common divisor of 809610 and 3726.
6
Calculate the greatest common factor of 424300 and 79700.
100
Calculate the highest common divisor of 319579 and 54405.
403
Calculate the highest common divisor of 27044505 and 82779.
2019
What is the highest common factor of 652680 and 311760?
360
Calculate the highest common factor of 2 and 205063762.
2
Calculate the highest common divisor of 26398752 and 72.
24
Calculate the greatest common divisor of 7956705 and 75.
15
What is the highest common factor of 77102418 and 36?
6
What is the highest common factor of 5 and 206431840?
5
What is the highest common factor of 6161 and 4476623?
101
What is the highest common factor of 4878 and 28227902?
542
What is the highest common divisor of 12050752 and 896?
448
What is the highest common factor of 668 and 659950099?
167
What is the greatest common divisor of 8009547 and 840?
21
Calculate the highest common factor of 38995801 and 13.
13
What is the highest common divisor of 6618 and 3394?
2
What is the greatest common divisor of 12870 and 4979?
13
Calculate the greatest common divisor of 2870 and 305368.
574
What is the highest common factor of 53235756 and 163494?
5274
Calculate the greatest common divisor of 27 and 79993917.
9
Calculate the greatest common factor of 113679709 and 26.
13
What is the greatest common factor of 170049605 and 55?
55
Calculate the greatest common factor of 9 and 2271026151.
9
What is the highest common factor of 13028 and 189384779?
3257
What is the greatest common factor of 9776 and 171691?
611
What is the greatest common factor of 351 and 5324059?
13
Calculate the greatest common factor of 228 and 7586985.
57
Calculate the highest common divisor of 257856360 and 600.
120
What is the highest common factor of 37982 and 26118051?
2713
Calculate the greatest common factor of 21825 and 4213575.
225
What is the greatest common divisor of 286 and 21650893?
11
Calculate the highest common divisor of 64 and 6450624.
64
Calculate the highest common factor of 1144 and 7033832.
104
What is the highest common divisor of 1044992184 and 888?
888
Calculate the greatest common divisor of 280148 and 18986.
22
What is the highest common factor of 66 and 115